{"id":15,"date":"2015-11-02T17:41:30","date_gmt":"2015-11-02T17:41:30","guid":{"rendered":"http:\/\/stadtmuseum-kl.de\/?page_id=15"},"modified":"2026-01-29T19:35:33","modified_gmt":"2026-01-29T19:35:33","slug":"sonderausstellungen","status":"publish","type":"page","link":"https:\/\/stadtmuseum-kl.de\/?page_id=15","title":{"rendered":"Die Sonderausstellungen"},"content":{"rendered":"\n<h3>\u201eDie Scham muss die Seite wechseln!\u201c (Gis\u00e8le Pelicot) &#8211; Ausstellung gegen sexualisierte Gewalt<\/h3>\n\n\n\n<p><strong>Sonderausstellung bis zum 05. April 2026 im Foyer des Theodor-Zink-Museums<\/strong><\/p>\n\n\n\n<p>Sexualisierte Gewalt hat viele Gesichter. Sie wird an jedem Ort, in jedem Kontext und in jeder Gesellschaftsschicht ausge\u00fcbt. Die K\u00fcnstlerin und Aktivistin Hannah Luzia P\u00fctz will f\u00fcr dieses Thema sensibilisieren und Betroffenen sowohl Mut zusprechen als auch Sichtbarkeit verleihen. Sie hat eine Fotoreihe geschaffen, die auf acht Tafeln die unterschiedlichsten Erscheinungsformen sexualisierter Gewalt im Alltag darstellt. Die angeblichen Rechtfertigungen der T\u00e4ter f\u00fcr das, was nicht zu rechtfertigen ist, stehen als leuchtend pinke Unterschrift dabei und wirken durch den Kontrast zu den sensiblen Schwarz-Wei\u00df-Aufnahmen so grausam wie absurd. Eine Texttafel erg\u00e4nzt das jeweilige Bild mit Informationen in verschiedenen Sprachen.<\/p>\n\n\n\n<p>Die Ausstellung ist aktuell im Foyer des Stadtmuseums (Theodor-Zink-Museum|Wadgasserhof) zu sehen. Sie kann bis zum 05. April 2026 w\u00e4hrend der \u00d6ffnungszeiten, Mittwoch bis Freitag, 10.00 bis 17:00 Uhr, und Samstag, Sonntag, 11:00 bis 18:00 Uhr, besucht werden. <\/p>\n\n\n\n<p>Der Eintritt ist frei.<\/p>\n\n\n<div class=\"wp-block-image\">\n<figure class=\"aligncenter size-full\"><a href=\"https:\/\/stadtmuseum-kl.de\/wp-content\/uploads\/2026\/01\/Hannah-Luzia-Puetz1.jpg\"><img decoding=\"async\" loading=\"lazy\" width=\"495\" height=\"700\" src=\"https:\/\/stadtmuseum-kl.de\/wp-content\/uploads\/2026\/01\/Hannah-Luzia-Puetz1.jpg\" alt=\"\" class=\"wp-image-2671\" srcset=\"https:\/\/stadtmuseum-kl.de\/wp-content\/uploads\/2026\/01\/Hannah-Luzia-Puetz1.jpg 495w, https:\/\/stadtmuseum-kl.de\/wp-content\/uploads\/2026\/01\/Hannah-Luzia-Puetz1-212x300.jpg 212w, https:\/\/stadtmuseum-kl.de\/wp-content\/uploads\/2026\/01\/Hannah-Luzia-Puetz1-106x150.jpg 106w\" sizes=\"(max-width: 495px) 100vw, 495px\" \/><\/a><figcaption class=\"wp-element-caption\">Ausstellung gegen sexualisierte Gewalt<\/figcaption><\/figure><\/div>\n\n<div class=\"wp-block-image\">\n<figure class=\"aligncenter size-full\"><a href=\"https:\/\/stadtmuseum-kl.de\/wp-content\/uploads\/2026\/01\/Hannah_Luzia_Puetz.jpg\"><img decoding=\"async\" loading=\"lazy\" width=\"386\" height=\"500\" src=\"https:\/\/stadtmuseum-kl.de\/wp-content\/uploads\/2026\/01\/Hannah_Luzia_Puetz.jpg\" alt=\"\" class=\"wp-image-2670\" srcset=\"https:\/\/stadtmuseum-kl.de\/wp-content\/uploads\/2026\/01\/Hannah_Luzia_Puetz.jpg 386w, https:\/\/stadtmuseum-kl.de\/wp-content\/uploads\/2026\/01\/Hannah_Luzia_Puetz-232x300.jpg 232w, https:\/\/stadtmuseum-kl.de\/wp-content\/uploads\/2026\/01\/Hannah_Luzia_Puetz-116x150.jpg 116w\" sizes=\"(max-width: 386px) 100vw, 386px\" \/><\/a><figcaption class=\"wp-element-caption\">Portrait: Hanna Luzia P\u00fctz<\/figcaption><\/figure><\/div>\n\n\n<p><br><\/p>\n","protected":false},"excerpt":{"rendered":"<p>\u201eDie Scham muss die Seite wechseln!\u201c (Gis\u00e8le Pelicot) &#8211; Ausstellung gegen sexualisierte Gewalt Sonderausstellung bis zum 05. April 2026 im Foyer des Theodor-Zink-Museums Sexualisierte Gewalt hat viele Gesichter. Sie wird an jedem Ort, in jedem Kontext und in jeder Gesellschaftsschicht ausge\u00fcbt. Die K\u00fcnstlerin und Aktivistin Hannah Luzia P\u00fctz will f\u00fcr\u2026<\/p>\n<p> <a class=\"continue-reading-link\" href=\"https:\/\/stadtmuseum-kl.de\/?page_id=15\"><span>mehr &#8230;<\/span><i class=\"crycon-right-dir\"><\/i><\/a> <\/p>\n","protected":false},"author":1,"featured_media":0,"parent":12,"menu_order":4,"comment_status":"closed","ping_status":"closed","template":"templates\/template-onecolumn.php","meta":[],"_links":{"self":[{"href":"https:\/\/stadtmuseum-kl.de\/index.php?rest_route=\/wp\/v2\/pages\/15"}],"collection":[{"href":"https:\/\/stadtmuseum-kl.de\/index.php?rest_route=\/wp\/v2\/pages"}],"about":[{"href":"https:\/\/stadtmuseum-kl.de\/index.php?rest_route=\/wp\/v2\/types\/page"}],"author":[{"embeddable":true,"href":"https:\/\/stadtmuseum-kl.de\/index.php?rest_route=\/wp\/v2\/users\/1"}],"replies":[{"embeddable":true,"href":"https:\/\/stadtmuseum-kl.de\/index.php?rest_route=%2Fwp%2Fv2%2Fcomments&post=15"}],"version-history":[{"count":249,"href":"https:\/\/stadtmuseum-kl.de\/index.php?rest_route=\/wp\/v2\/pages\/15\/revisions"}],"predecessor-version":[{"id":2677,"href":"https:\/\/stadtmuseum-kl.de\/index.php?rest_route=\/wp\/v2\/pages\/15\/revisions\/2677"}],"up":[{"embeddable":true,"href":"https:\/\/stadtmuseum-kl.de\/index.php?rest_route=\/wp\/v2\/pages\/12"}],"wp:attachment":[{"href":"https:\/\/stadtmuseum-kl.de\/index.php?rest_route=%2Fwp%2Fv2%2Fmedia&parent=15"}],"curies":[{"name":"wp","href":"https:\/\/api.w.org\/{rel}","templated":true}]}}