{"id":1532,"date":"2020-05-01T08:29:24","date_gmt":"2020-05-01T08:29:24","guid":{"rendered":"http:\/\/stadtmuseum-kl.de\/?page_id=1532"},"modified":"2020-05-22T06:08:28","modified_gmt":"2020-05-22T06:08:28","slug":"open-call-die-stadtmuseums-challenge-24-04-2020","status":"publish","type":"page","link":"https:\/\/stadtmuseum-kl.de\/?page_id=1532","title":{"rendered":"OPEN CALL &#8211; Die Stadtmuseums-Challenge 24.04.2020"},"content":{"rendered":"\n<p> Die Freie Wahl am Freitag l\u00e4dt alle ein, den Online-Auftritt ihres Stadtmuseums mitzugestalten. Mit unterschiedlichen Challenges rufen wir unsere Besucherinnen und Besucher dazu auf, Teil unseres Online-Auftritts zu werden \u2013 nat\u00fcrlich nur, wenn die Besitzer mit einer Ver\u00f6ffentlichung der eingereichten Materialien \u2013 auf Wunsch auch anonym \u2013 einverstanden sind. <\/p>\n\n\n\n<h3><strong>OPEN CALL &#8211; Die Stadtmuseums-Challenge: Und was sammelst du so?<\/strong><\/h3>\n\n\n\n<h4> Freie Wahl am Freitag: 24.04.2020  <\/h4>\n\n\n\n<p><img decoding=\"async\" loading=\"lazy\" width=\"600\" height=\"450\" class=\"wp-image-1494\" style=\"width: 300px;\" src=\"https:\/\/stadtmuseum-kl.de\/wp-content\/uploads\/2020\/04\/FOTO_Challenge_Naehmaschine_Pfaff.jpg\" alt=\"eine hostorische Pfaff-N\u00e4hmaschine\" align=\"right\" srcset=\"https:\/\/stadtmuseum-kl.de\/wp-content\/uploads\/2020\/04\/FOTO_Challenge_Naehmaschine_Pfaff.jpg 600w, https:\/\/stadtmuseum-kl.de\/wp-content\/uploads\/2020\/04\/FOTO_Challenge_Naehmaschine_Pfaff-300x225.jpg 300w, https:\/\/stadtmuseum-kl.de\/wp-content\/uploads\/2020\/04\/FOTO_Challenge_Naehmaschine_Pfaff-150x113.jpg 150w\" sizes=\"(max-width: 600px) 100vw, 600px\" \/>Eine Pfaff Klasse A aus meiner N\u00e4hmaschinensammlung. Allerdings noch g\u00e4nzlich unrestauriert und leider ziemlich rostig. Aber sie ist noch zu retten. Nur f\u00fcr die laufende Lina-Pfaff-Ausstellung im Stadtmuseum Kaiserslautern hat es nicht mehr gereicht sie herzurichten. Die Maschine hat die Seriennummer 41310 und ist eine von 9.000 N\u00e4hmaschinen, die bei Pfaff im Jahre 1881 gebaut wurden. Die Gesamtzahl der bis zu diesem Jahr gebauten Maschinen betrug rund 47.000 \nSt\u00fcck.<br>\n(Martin Klemenz, Stadtarchiv Kaiserslautern)<br><br>\nAbb.: N\u00e4hmaschine Pfaff Klasse A, 1881, Privatbesitz (Foto M. Klemenz)\n<br clear=\"all\"<\/p>\n\n\n\n<p><\/p>\n\n\n\n<h4>Freie Wahl am Freitag: 17.04.2020 <\/h4>\n\n\n\n<p><img decoding=\"async\" loading=\"lazy\" width=\"300\" height=\"400\" align=\"right\" class=\"wp-image-1459\" style=\"width: 250px;\" src=\"https:\/\/stadtmuseum-kl.de\/wp-content\/uploads\/2020\/04\/Challenge_02.jpeg\" alt=\"\" srcset=\"https:\/\/stadtmuseum-kl.de\/wp-content\/uploads\/2020\/04\/Challenge_02.jpeg 300w, https:\/\/stadtmuseum-kl.de\/wp-content\/uploads\/2020\/04\/Challenge_02-225x300.jpeg 225w, https:\/\/stadtmuseum-kl.de\/wp-content\/uploads\/2020\/04\/Challenge_02-113x150.jpeg 113w\" sizes=\"(max-width: 300px) 100vw, 300px\" \/>Unsere Challenge l\u00e4uft noch. Wo sind die heimlichen Sammler aus Lautern und der Umgebung? Schickt uns Bilder, Filme, Audiodateien oder Texte zu euren pers\u00f6nlichen Sammlungen an museum@kaiserslautern.de! Die sch\u00f6nsten Einsendungen stellen wir in nach und nach auf unseren Social Media-Kan\u00e4len und unserer Homepage aus. Mit der Einreichung deiner Aufnahme(n) erkl\u00e4rst du dich mit einer kostenfreien Online-Ver\u00f6ffentlichung einverstanden. Honorarkosten und weitere Aufwendungen jedweder Art k\u00f6nnen nicht geltend gemacht werden. Die Bildrechte verbleiben beim Urheber. Der Rechtsweg ist ausgeschlossen.  <br><br> Abb.: Manche Sammlung findet ihren Anfang auf dem Flohmarkt. Paris 2019 (Foto S. Br\u00fcck) <br><\/p>\n\n\n\n<br clear=\"all\">\n\n\n\n<h3><strong>Die Stadtmuseums-Challenge: Und was sammelst du so?<\/strong><\/h3>\n\n\n\n<p><a target=\"_blank\" href=\"https:\/\/stadtmuseum-kl.de\/wp-content\/uploads\/2020\/04\/farbsammlung-Orange1gross.jpg\" rel=\"noopener noreferrer\"><img decoding=\"async\" align=\"right\" class=\"wp-image-1399\" style=\"width: 250px;\" src=\"https:\/\/stadtmuseum-kl.de\/wp-content\/uploads\/2020\/04\/farbsammlung-Orange1.jpg\" alt=\"\"><\/a>Scherben, Minnek\u00e4stchen, N\u00e4hmaschinen \u2013 von der Steinzeit \u00fcber\ndas Mittelalter bis zur Gegenwart reicht die Sammlung des Stadtmuseums\nKaiserslautern. Die Dauerausstellung und wechselnde Pr\u00e4sentationen zu\nverschiedenen Themen zeigen und vermitteln, was f\u00fcr die Stadt von historischer Bedeutung ist.<\/p>\n\n\n\n<p>Und was sammelst du so? Briefmarken, Spielzeugautos oder Fundst\u00fccke aus der Natur? Vielleicht aber auch ganz andre, ganz verr\u00fcckte Sachen? \u2013 Das Team des Stadtmuseums Kaiserslautern will es genau wissen. Schick uns doch mal ein Foto von deiner privaten Kollektion per E-Mail an: museum@kaiserslautern.de<br clear=\"all\"><\/p>\n\n\n\n<p><a rel=\"noopener noreferrer\" target=\"_blank\" href=\"https:\/\/stadtmuseum-kl.de\/wp-content\/uploads\/2020\/04\/farbsammlung-Orange2gross.jpg\"><img decoding=\"async\" loading=\"lazy\" width=\"350\" height=\"233\" align=\"right\" class=\"wp-image-1399\" style=\"width: 250px;\" src=\"https:\/\/stadtmuseum-kl.de\/wp-content\/uploads\/2020\/04\/farbsammlung-Orange2.jpg\" alt=\"\" srcset=\"https:\/\/stadtmuseum-kl.de\/wp-content\/uploads\/2020\/04\/farbsammlung-Orange2.jpg 350w, https:\/\/stadtmuseum-kl.de\/wp-content\/uploads\/2020\/04\/farbsammlung-Orange2-300x200.jpg 300w, https:\/\/stadtmuseum-kl.de\/wp-content\/uploads\/2020\/04\/farbsammlung-Orange2-150x100.jpg 150w\" sizes=\"(max-width: 350px) 100vw, 350px\" \/><\/a> <\/p>\n\n\n\n<p>Und schreib kurz dazu, wann und wie deine Sammelleidenschaft angefangen hat. Wenn du magst, kannst du einzelne Objekte auch n\u00e4her vorstellen. Wei\u00dft du, woher sie stammen? Kennst du ihr Alter? Welche Geschichte \u201eerz\u00e4hlen\u201c sie?<br> Die sch\u00f6nsten \u201eSammelbilder\u201c stellen wir in nach und nach auf unseren Social Media-Kan\u00e4len und unserer Homepage aus. Mit der Einreichung deiner Aufnahme(n) erkl\u00e4rst du dich mit einer kostenfreien Online-Ver\u00f6ffentlichung einverstanden. Honorarkosten und weitere Aufwendungen jedweder Art k\u00f6nnen nicht geltend gemacht werden. Die Bildrechte verbleiben beim Urheber. Der Rechtsweg ist ausgeschlossen. (Simone Holt)<\/p>\n\n\n\n<p><strong>Fotos:<\/strong><br>Abb. 1: Farbsammlung Orange, Privatbesitz Simone Holt 2020 (Foto: S. Holt)<br>Abb. 2: Farbsammlung Orange, Privatbesitz Simone Holt 2020 (Foto: S. Holt)<\/p>\n","protected":false},"excerpt":{"rendered":"<p>Die Freie Wahl am Freitag l\u00e4dt alle ein, den Online-Auftritt ihres Stadtmuseums mitzugestalten. Mit unterschiedlichen Challenges rufen wir unsere Besucherinnen und Besucher dazu auf, Teil unseres Online-Auftritts zu werden \u2013 nat\u00fcrlich nur, wenn die Besitzer mit einer Ver\u00f6ffentlichung der eingereichten Materialien \u2013 auf Wunsch auch anonym \u2013 einverstanden sind. OPEN\u2026<\/p>\n<p> <a class=\"continue-reading-link\" href=\"https:\/\/stadtmuseum-kl.de\/?page_id=1532\"><span>mehr &#8230;<\/span><i class=\"crycon-right-dir\"><\/i><\/a> <\/p>\n","protected":false},"author":1,"featured_media":0,"parent":1403,"menu_order":7,"comment_status":"closed","ping_status":"closed","template":"templates\/template-onecolumn.php","meta":[],"_links":{"self":[{"href":"https:\/\/stadtmuseum-kl.de\/index.php?rest_route=\/wp\/v2\/pages\/1532"}],"collection":[{"href":"https:\/\/stadtmuseum-kl.de\/index.php?rest_route=\/wp\/v2\/pages"}],"about":[{"href":"https:\/\/stadtmuseum-kl.de\/index.php?rest_route=\/wp\/v2\/types\/page"}],"author":[{"embeddable":true,"href":"https:\/\/stadtmuseum-kl.de\/index.php?rest_route=\/wp\/v2\/users\/1"}],"replies":[{"embeddable":true,"href":"https:\/\/stadtmuseum-kl.de\/index.php?rest_route=%2Fwp%2Fv2%2Fcomments&post=1532"}],"version-history":[{"count":1,"href":"https:\/\/stadtmuseum-kl.de\/index.php?rest_route=\/wp\/v2\/pages\/1532\/revisions"}],"predecessor-version":[{"id":1533,"href":"https:\/\/stadtmuseum-kl.de\/index.php?rest_route=\/wp\/v2\/pages\/1532\/revisions\/1533"}],"up":[{"embeddable":true,"href":"https:\/\/stadtmuseum-kl.de\/index.php?rest_route=\/wp\/v2\/pages\/1403"}],"wp:attachment":[{"href":"https:\/\/stadtmuseum-kl.de\/index.php?rest_route=%2Fwp%2Fv2%2Fmedia&parent=1532"}],"curies":[{"name":"wp","href":"https:\/\/api.w.org\/{rel}","templated":true}]}}