{"id":29,"date":"2015-11-02T18:03:00","date_gmt":"2015-11-02T18:03:00","guid":{"rendered":"http:\/\/stadtmuseum-kl.de\/?page_id=29"},"modified":"2015-11-22T15:57:17","modified_gmt":"2015-11-22T15:57:17","slug":"dauerausstellungen","status":"publish","type":"page","link":"https:\/\/stadtmuseum-kl.de\/?page_id=29","title":{"rendered":"Dauerausstellungen"},"content":{"rendered":"<div style=\"background:#ffffff; width:99%; text-align:left; margin:10px; height:auto;\">\n<div style=\"background:#ffffff; font-family: arial; width:47%; height:100%; float:left\">\n<p><img decoding=\"async\" loading=\"lazy\" src=\"https:\/\/stadtmuseum-kl.de\/wp-content\/uploads\/2015\/11\/museum01.jpg\" alt=\"Dauerausstellung\" width=\"250\" height=\"119\" \/><\/p>\n<p><strong>Geschichte der Stadt Kaiserslautern<\/strong><\/p>\n<p>Die Dauerausstellung ist der Geschichte der Stadt Kaiserslautern und der Region gewidmet und stellt die wichtigsten <\/p>\n<p>Ereignisse und Epochen von den fr\u00fchesten Siedlungsspuren bis in die Gegenwart dar.<br \/>\n<a class=\"farbe\" href=\"https:\/\/stadtmuseum-kl.de\/?page_id=159\">mehr &#8230;<\/a><\/p>\n<\/div>\n<div style=\"background:#ffffff; font-family: bookman old style; width:47%; height:100%; float:right;\">\n<img decoding=\"async\" loading=\"lazy\" src=\"https:\/\/stadtmuseum-kl.de\/wp-content\/uploads\/2015\/11\/museum05.jpg\" alt=\"Sammlungen\" width=\"250\" height=\"120\" \/><\/p>\n<p><strong>St\u00e4ndige Sammlung<\/strong><\/p>\n<p>In den R\u00e4umen des Wadgasserhofes werden permanent volkskundliche und kunsthand&shy;werkliche Sammlungsbest\u00e4nde des<br \/>\nTheodor-Zink-Museums gezeigt. In den Ausstellungsr\u00e4umen des Erdgeschosses finden Wechselausstellungen statt.<br \/>\n<a class=\"farbe\" href=\"https:\/\/stadtmuseum-kl.de\/?page_id=167\">mehr &#8230;<\/a><\/p>\n<\/div>\n<\/div>\n<p><br clear=\"all\"><\/p>\n","protected":false},"excerpt":{"rendered":"<p>Geschichte der Stadt Kaiserslautern Die Dauerausstellung ist der Geschichte der Stadt Kaiserslautern und der Region gewidmet und stellt die wichtigsten Ereignisse und Epochen von den fr\u00fchesten Siedlungsspuren bis in die Gegenwart dar. mehr &#8230; St\u00e4ndige Sammlung In den R\u00e4umen des Wadgasserhofes werden permanent volkskundliche und kunsthand&shy;werkliche Sammlungsbest\u00e4nde des Theodor-Zink-Museums gezeigt.\u2026<\/p>\n<p> <a class=\"continue-reading-link\" href=\"https:\/\/stadtmuseum-kl.de\/?page_id=29\"><span>mehr &#8230;<\/span><i class=\"crycon-right-dir\"><\/i><\/a> <\/p>\n","protected":false},"author":1,"featured_media":0,"parent":20,"menu_order":1,"comment_status":"closed","ping_status":"closed","template":"templates\/template-twocolumns-right.php","meta":[],"_links":{"self":[{"href":"https:\/\/stadtmuseum-kl.de\/index.php?rest_route=\/wp\/v2\/pages\/29"}],"collection":[{"href":"https:\/\/stadtmuseum-kl.de\/index.php?rest_route=\/wp\/v2\/pages"}],"about":[{"href":"https:\/\/stadtmuseum-kl.de\/index.php?rest_route=\/wp\/v2\/types\/page"}],"author":[{"embeddable":true,"href":"https:\/\/stadtmuseum-kl.de\/index.php?rest_route=\/wp\/v2\/users\/1"}],"replies":[{"embeddable":true,"href":"https:\/\/stadtmuseum-kl.de\/index.php?rest_route=%2Fwp%2Fv2%2Fcomments&post=29"}],"version-history":[{"count":8,"href":"https:\/\/stadtmuseum-kl.de\/index.php?rest_route=\/wp\/v2\/pages\/29\/revisions"}],"predecessor-version":[{"id":698,"href":"https:\/\/stadtmuseum-kl.de\/index.php?rest_route=\/wp\/v2\/pages\/29\/revisions\/698"}],"up":[{"embeddable":true,"href":"https:\/\/stadtmuseum-kl.de\/index.php?rest_route=\/wp\/v2\/pages\/20"}],"wp:attachment":[{"href":"https:\/\/stadtmuseum-kl.de\/index.php?rest_route=%2Fwp%2Fv2%2Fmedia&parent=29"}],"curies":[{"name":"wp","href":"https:\/\/api.w.org\/{rel}","templated":true}]}}