{"id":37,"date":"2015-11-02T18:08:06","date_gmt":"2015-11-02T18:08:06","guid":{"rendered":"http:\/\/stadtmuseum-kl.de\/?page_id=37"},"modified":"2015-11-06T18:04:49","modified_gmt":"2015-11-06T18:04:49","slug":"sammlungen","status":"publish","type":"page","link":"https:\/\/stadtmuseum-kl.de\/?page_id=37","title":{"rendered":"Sammlungen"},"content":{"rendered":"<p>Neben den Dauerausstellungen betreut das Stadtmuseum Kaiserslautern einige hochkar\u00e4tige Sammlungen wie die Grafische Sammlung oder den st\u00e4dtischen Kunstbesitz. Daneben verwalten das Museum gemeinsam mit dem Stadtarchiv einige k\u00fcnstlerische und pers\u00f6nliche Nachl\u00e4sse.<\/p>\n<p>Die einzelnen Sammlungen finden Sie (bis auf die Nachl\u00e4sse Hofbauer und Greller) jetzt schon Online bei Museum Digital. Die Angaben in [ ] geben die Anzahl der vorhandenen Eintr\u00e4ge wieder.<\/p>\n<p>&#8222;Grafische Sammlung&#8220;[8]<br \/>\n&#8222;Postkartensammlung&#8220;[200]<br \/>\n&#8222;Gem\u00e4ldesammlung&#8220;[2]<br \/>\n&#8222;Volkskundliche Sammlung&#8220;[4]<br \/>\n&#8222;Modern Times&#8220;[26]<br \/>\n&#8222;M\u00f6bel&#8220;[2]<br \/>\n&#8222;Fotosammlung Theodor-Zink-Museum&#8220;<br \/>\n&#8222;B\u00fcrgerliche Wohnkultur&#8220;<br \/>\n&#8222;Nachlass Reinhard Hofbauer (1907-1976)&#8220;<br \/>\n&#8222;Nachlass Hilde Greller (1906-2000) &#8220;<\/p>\n<p><a class=\"farbe\" href=\"http:\/\/www.museum-digital.de\/nat\/index.php?t=institution&#038;instnr=119\" target=\"_blank\">zu den Sammlungen bei Museum Digital<\/a> <\/p>\n","protected":false},"excerpt":{"rendered":"<p>Neben den Dauerausstellungen betreut das Stadtmuseum Kaiserslautern einige hochkar\u00e4tige Sammlungen wie die Grafische Sammlung oder den st\u00e4dtischen Kunstbesitz. Daneben verwalten das Museum gemeinsam mit dem Stadtarchiv einige k\u00fcnstlerische und pers\u00f6nliche Nachl\u00e4sse. Die einzelnen Sammlungen finden Sie (bis auf die Nachl\u00e4sse Hofbauer und Greller) jetzt schon Online bei Museum Digital. Die\u2026<\/p>\n<p> <a class=\"continue-reading-link\" href=\"https:\/\/stadtmuseum-kl.de\/?page_id=37\"><span>mehr &#8230;<\/span><i class=\"crycon-right-dir\"><\/i><\/a> <\/p>\n","protected":false},"author":1,"featured_media":0,"parent":20,"menu_order":4,"comment_status":"closed","ping_status":"closed","template":"templates\/template-twocolumns-right.php","meta":[],"_links":{"self":[{"href":"https:\/\/stadtmuseum-kl.de\/index.php?rest_route=\/wp\/v2\/pages\/37"}],"collection":[{"href":"https:\/\/stadtmuseum-kl.de\/index.php?rest_route=\/wp\/v2\/pages"}],"about":[{"href":"https:\/\/stadtmuseum-kl.de\/index.php?rest_route=\/wp\/v2\/types\/page"}],"author":[{"embeddable":true,"href":"https:\/\/stadtmuseum-kl.de\/index.php?rest_route=\/wp\/v2\/users\/1"}],"replies":[{"embeddable":true,"href":"https:\/\/stadtmuseum-kl.de\/index.php?rest_route=%2Fwp%2Fv2%2Fcomments&post=37"}],"version-history":[{"count":5,"href":"https:\/\/stadtmuseum-kl.de\/index.php?rest_route=\/wp\/v2\/pages\/37\/revisions"}],"predecessor-version":[{"id":201,"href":"https:\/\/stadtmuseum-kl.de\/index.php?rest_route=\/wp\/v2\/pages\/37\/revisions\/201"}],"up":[{"embeddable":true,"href":"https:\/\/stadtmuseum-kl.de\/index.php?rest_route=\/wp\/v2\/pages\/20"}],"wp:attachment":[{"href":"https:\/\/stadtmuseum-kl.de\/index.php?rest_route=%2Fwp%2Fv2%2Fmedia&parent=37"}],"curies":[{"name":"wp","href":"https:\/\/api.w.org\/{rel}","templated":true}]}}