{"id":41,"date":"2015-11-02T18:09:43","date_gmt":"2015-11-02T18:09:43","guid":{"rendered":"http:\/\/stadtmuseum-kl.de\/?page_id=41"},"modified":"2022-02-22T18:10:06","modified_gmt":"2022-02-22T18:10:06","slug":"anfahrtlage","status":"publish","type":"page","link":"https:\/\/stadtmuseum-kl.de\/?page_id=41","title":{"rendered":"Anfahrt\/Lage"},"content":{"rendered":"<p>(Wenn Sie in der nachfolgenden Karte von Google den Routenplaner aktivieren, k\u00f6nnen Sie sich eine Wegebeschreibung zu unserem Stadtmuseum ausgeben lassen.) So kommen Sie zum Museum:<\/p>\n<p><center><br \/>\n<iframe loading=\"lazy\" style=\"border: 0;\" src=\"https:\/\/www.google.com\/maps\/embed?pb=!1m18!1m12!1m3!1d2023.6054961203988!2d7.774724454724674!3d49.44730104913188!2m3!1f0!2f0!3f0!3m2!1i1024!2i768!4f13.1!3m3!1m2!1s0x479612c10914120f%3A0x97779f5fc03023f7!2sTheodor-Zink-Museum!5e0!3m2!1sde!2sde!4v1442934552088\" width=\"600\" height=\"450\" frameborder=\"0\" allowfullscreen=\"allowfullscreen\"><\/iframe><\/center><\/p>\n<p><strong>Mit dem Pkw<\/strong><br \/>\n\u00fcber A 6 aus Richtung Saarbr\u00fccken: Abfahrt KL West, Richtung Stadtmitte\/Mainz, B270, B 40, Ausschilderung folgen.<\/p>\n<p><strong>Parken<\/strong><br \/>\nalle \u00f6ffentlichen Parkh\u00e4user der Innenstadt,bei Veranstaltungen des Museums im Wadgasserhof<\/p>\n<p><strong>\u00d6ffentliche Verkehrsmittel<\/strong><br \/>\nalle Linien bis Schillerplatz od. Rathaus, von dort ca. 7 Min. Fu\u00dfweg Linie 4 bis Mainzer Tor<\/p>\n<p><strong>Nutzen Sie die umweltfreundlichen Angebote von VRN und Deutscher Bahn, um den Weg zu uns zu finden.<\/strong><\/p>\n","protected":false},"excerpt":{"rendered":"<p>(Wenn Sie in der nachfolgenden Karte von Google den Routenplaner aktivieren, k\u00f6nnen Sie sich eine Wegebeschreibung zu unserem Stadtmuseum ausgeben lassen.) So kommen Sie zum Museum: Mit dem Pkw \u00fcber A 6 aus Richtung Saarbr\u00fccken: Abfahrt KL West, Richtung Stadtmitte\/Mainz, B270, B 40, Ausschilderung folgen. Parken alle \u00f6ffentlichen Parkh\u00e4user der\u2026<\/p>\n<p> <a class=\"continue-reading-link\" href=\"https:\/\/stadtmuseum-kl.de\/?page_id=41\"><span>mehr &#8230;<\/span><i class=\"crycon-right-dir\"><\/i><\/a> <\/p>\n","protected":false},"author":1,"featured_media":0,"parent":22,"menu_order":0,"comment_status":"closed","ping_status":"closed","template":"","meta":[],"_links":{"self":[{"href":"https:\/\/stadtmuseum-kl.de\/index.php?rest_route=\/wp\/v2\/pages\/41"}],"collection":[{"href":"https:\/\/stadtmuseum-kl.de\/index.php?rest_route=\/wp\/v2\/pages"}],"about":[{"href":"https:\/\/stadtmuseum-kl.de\/index.php?rest_route=\/wp\/v2\/types\/page"}],"author":[{"embeddable":true,"href":"https:\/\/stadtmuseum-kl.de\/index.php?rest_route=\/wp\/v2\/users\/1"}],"replies":[{"embeddable":true,"href":"https:\/\/stadtmuseum-kl.de\/index.php?rest_route=%2Fwp%2Fv2%2Fcomments&post=41"}],"version-history":[{"count":10,"href":"https:\/\/stadtmuseum-kl.de\/index.php?rest_route=\/wp\/v2\/pages\/41\/revisions"}],"predecessor-version":[{"id":1957,"href":"https:\/\/stadtmuseum-kl.de\/index.php?rest_route=\/wp\/v2\/pages\/41\/revisions\/1957"}],"up":[{"embeddable":true,"href":"https:\/\/stadtmuseum-kl.de\/index.php?rest_route=\/wp\/v2\/pages\/22"}],"wp:attachment":[{"href":"https:\/\/stadtmuseum-kl.de\/index.php?rest_route=%2Fwp%2Fv2%2Fmedia&parent=41"}],"curies":[{"name":"wp","href":"https:\/\/api.w.org\/{rel}","templated":true}]}}