{"id":65,"date":"2015-11-02T18:22:19","date_gmt":"2015-11-02T18:22:19","guid":{"rendered":"http:\/\/stadtmuseum-kl.de\/?page_id=65"},"modified":"2016-08-23T10:23:19","modified_gmt":"2016-08-23T10:23:19","slug":"historie","status":"publish","type":"page","link":"https:\/\/stadtmuseum-kl.de\/?page_id=65","title":{"rendered":"Vereinschronik"},"content":{"rendered":"<p>Aufruf durch die Journalistin Uta Mayr-Falkenberg zur Gr\u00fcndung eines F\u00f6rderkreises mit dem Zweck, dem ehemaligen von Theodor-Zink gegr\u00fcndeten  Volkskundemuseum in Kaiserslautern wieder eine Bleibe zu schaffen.<\/p>\n<p><strong>Gr\u00fcndungsversammlung:<\/strong><br \/>\n17. September 1975 im gro\u00dfen Konferenzraum der Kreissparkasse Kaiserslautern<\/p>\n<p>Name: F\u00f6rderverein Theodor-Zink-Museum e.V. (seit 10. Mai 2016: F\u00f6rderkreis Stadtmuseum Kaiserslautern e.V. )<br \/>\nEintragung beim Amtsgericht:<br \/>\nAG KL Nr. 1467<\/p>\n<p><strong>Erster Vorstand: <\/strong><br \/>\n1. Vorsitzende:  Journalistin Uta Mayr-Falkenberg<br \/>\n2. Vorsitzender: Professor Horst R\u00f6mer (\u2020)<br \/>\nSchatzmeister:  Sparkassendirektor Adolf Schauml\u00f6ffel<br \/>\nSchriftf\u00fchrer:  Journalist Walter Schumacher<br \/>\nBeisitzer:  Bildhauer Richard Menges (\u2020); Landgerichtspr\u00e4sident Dr. Edgar Staab (\u2020)<\/p>\n<p><strong>Die 1. Vorsitzenden:<\/strong><\/p>\n<p>September 1975 \u2013 November 1979<br \/>\nUta Mayr-Falkenberg<\/p>\n<p>Dezember 1979 \u2013 Dezember 1982<br \/>\nDr. Edgar Staab (\u2020)<\/p>\n<p>Januar 1983 \u2013 Februar 1987<br \/>\nGabriele Dr\u00fcppel<\/p>\n<p>M\u00e4rz 1987 \u2013 M\u00e4rz 2014<br \/>\nSteuerberater Udo Radzei<\/p>\n<p>April 2014 \u2013 dato<br \/>\nMiachel Staudt<\/p>\n<p><strong>Ehrenvorsitzender:<\/strong><br \/>\n 3. April 2014 Steuerberater Udo Radzei<\/p>\n<p><strong>Ehrenmitglied:<\/strong><br \/>\n16. April 1996 &#8211; Bildhauer Richard Menges (\u2020)<br \/>\n6. Juni 2013 &#8211; Uta Mayr-Falkenberg, Journalistin<\/p>\n<p><strong>Einweihung des Museums mit Scheune in der Steinstra\u00dfe 48 am 18. Februar 1978.<\/strong><br \/>\nDas ehemalige &#8222;Haus Rheinkreis&#8220; hei\u00dft nunmehr Theodor-Zink-Museum (TZM).<\/p>\n<p><strong>10 Jahre F\u00f6rderkreis:<\/strong><br \/>\nFestakt in der Fruchthalle am 10 November 1985. Es spielt das Rundfunkorchester des SWF (S\u00fcdwestfunk) \u00adunter Leitung von Emerich Smola.<\/p>\n<p><strong>M\u00e4rz 1990 Mitgliederversammlung: <\/strong><br \/>\nMitgliederzahl 204 \u2013 Die Anschaffungen des Vereins repr\u00e4sentieren ein Wert von nahezu 100.000,- DM.<\/p>\n<p><strong>20 Jahre F\u00f6rderkreis: <\/strong><br \/>\nFestakt in der Scheune am 17. September 1995. Es begr\u00fc\u00dft Kaiseslauterns Oberb\u00fcrgermeister Gerhard Piontek. Die Festrede h\u00e4lt Dr. Ulrich L\u00f6ber, Direktor des Landesmuseums Koblenz. Dazu gibt es Musik und Beitr\u00e4ge in pf\u00e4lzischer Mundart, vorgetragen von Karl Schumacher. Vorstellung der durch den F\u00f6rderkreis herausgebrachten Jubil\u00e4umsbrosch\u00fcre \u201eB\u00fcrgerliche Wohnkultur\u201c.<\/p>\n<p><strong>30 Jahre F\u00f6rderkreis:<\/strong><br \/>\nExkursion zu den keltischen H\u00fcgelgr\u00e4bern im Osten von Kaiserslautern am 28. Oktober 2005. Die Festrede h\u00e4lt Dr. R\u00fcdiger Schulz, Oberkonservator des Landesamtes f\u00fcr Denkmalpflege Rheinland-Pfalz, Arch\u00e4ologische Denkmalpflege, Speyer.<\/p>\n<p><strong>Im 30. Jahr des TZM:<\/strong><br \/>\nDer F\u00f6rderkreis \u00fcberschreitet die F\u00f6rderschwelle von 100.000,- \u20ac Nennwert durch die Ank\u00e4ufe von Dauerleihgaben.<\/p>\n<p><strong>Dauerleihvertrag:<\/strong><br \/>\nAm 24. Juni 2008 wird zwischen dem F\u00f6rderkreis und der Stadt Kaiserslautern vertraglich festgelegt, dass alle dem  TZM vor dem 1. Januar 1995 \u00fcberlassenen Exponate auf die Leihnehmerin (Stadt) \u00fcbergegangen sind.<\/p>\n<p><strong>Satzungserg\u00e4nzung:<\/strong><br \/>\nAm 6. Mai 2010 beschlie\u00dft die Mitgliederversammlung die Satzungserg\u00e4nzung des \u00a72 Abs. III:<br \/>\n\u201cZudem wird eine F\u00f6rderung des Museums in all seinen Aufgaben sammeln \u2013 bewahren \u2013 vermitteln \u2013 forschen erm\u00f6glicht\u201d.<\/p>\n<p><strong>Satzungserg\u00e4nzung:<\/strong><br \/>\nAm 10. Mai 2016 beschlie\u00dft die Mitgliederversammlung den Namen des Vereins in F\u00f6rderkreis Stadtmuseum Kaiserslautern e.V. zu \u00e4ndern.<\/p>\n","protected":false},"excerpt":{"rendered":"<p>Aufruf durch die Journalistin Uta Mayr-Falkenberg zur Gr\u00fcndung eines F\u00f6rderkreises mit dem Zweck, dem ehemaligen von Theodor-Zink gegr\u00fcndeten Volkskundemuseum in Kaiserslautern wieder eine Bleibe zu schaffen. Gr\u00fcndungsversammlung: 17. September 1975 im gro\u00dfen Konferenzraum der Kreissparkasse Kaiserslautern Name: F\u00f6rderverein Theodor-Zink-Museum e.V. (seit 10. Mai 2016: F\u00f6rderkreis Stadtmuseum Kaiserslautern e.V. ) Eintragung\u2026<\/p>\n<p> <a class=\"continue-reading-link\" href=\"https:\/\/stadtmuseum-kl.de\/?page_id=65\"><span>mehr &#8230;<\/span><i class=\"crycon-right-dir\"><\/i><\/a> <\/p>\n","protected":false},"author":1,"featured_media":0,"parent":24,"menu_order":4,"comment_status":"closed","ping_status":"closed","template":"templates\/template-twocolumns-right.php","meta":[],"_links":{"self":[{"href":"https:\/\/stadtmuseum-kl.de\/index.php?rest_route=\/wp\/v2\/pages\/65"}],"collection":[{"href":"https:\/\/stadtmuseum-kl.de\/index.php?rest_route=\/wp\/v2\/pages"}],"about":[{"href":"https:\/\/stadtmuseum-kl.de\/index.php?rest_route=\/wp\/v2\/types\/page"}],"author":[{"embeddable":true,"href":"https:\/\/stadtmuseum-kl.de\/index.php?rest_route=\/wp\/v2\/users\/1"}],"replies":[{"embeddable":true,"href":"https:\/\/stadtmuseum-kl.de\/index.php?rest_route=%2Fwp%2Fv2%2Fcomments&post=65"}],"version-history":[{"count":7,"href":"https:\/\/stadtmuseum-kl.de\/index.php?rest_route=\/wp\/v2\/pages\/65\/revisions"}],"predecessor-version":[{"id":854,"href":"https:\/\/stadtmuseum-kl.de\/index.php?rest_route=\/wp\/v2\/pages\/65\/revisions\/854"}],"up":[{"embeddable":true,"href":"https:\/\/stadtmuseum-kl.de\/index.php?rest_route=\/wp\/v2\/pages\/24"}],"wp:attachment":[{"href":"https:\/\/stadtmuseum-kl.de\/index.php?rest_route=%2Fwp%2Fv2%2Fmedia&parent=65"}],"curies":[{"name":"wp","href":"https:\/\/api.w.org\/{rel}","templated":true}]}}